and 96?
12
Calculate the highest common factor of 2724 and 12.
12
What is the highest common factor of 1457 and 141?
47
Calculate the greatest common factor of 225 and 855.
45
What is the highest common factor of 810 and 4?
2
What is the greatest common divisor of 90 and 750?
30
Calculate the highest common divisor of 300 and 125.
25
Calculate the highest common factor of 25 and 45.
5
Calculate the greatest common factor of 576 and 8928.
288
What is the greatest common divisor of 8 and 6648?
8
What is the greatest common divisor of 3757 and 1989?
221
What is the greatest common divisor of 801 and 9?
9
What is the greatest common factor of 266 and 646?
38
Calculate the highest common divisor of 5132 and 8.
4
What is the greatest common factor of 4250 and 510?
170
What is the greatest common divisor of 2828 and 112?
28
What is the greatest common factor of 11 and 33?
11
What is the highest common divisor of 432 and 1008?
144
What is the highest common factor of 91 and 4459?
91
What is the greatest common divisor of 15 and 105?
15
Calculate the greatest common divisor of 522 and 144.
18
What is the greatest common divisor of 216 and 456?
24
What is the highest common divisor of 13 and 52?
13
Calculate the greatest common factor of 20 and 5.
5
Calculate the highest common factor of 1918 and 77.
7
What is the greatest common divisor of 375 and 75?
75
What is the greatest common factor of 11370 and 30?
30
What is the highest common factor of 714 and 336?
42
What is the greatest common divisor of 8141 and 14?
7
What is the highest common divisor of 21 and 1743?
21
What is the greatest common divisor of 110 and 90?
10
Calculate the greatest common divisor of 9 and 792.
9
What is the highest common divisor of 5875 and 250?
125
Calculate the greatest common divisor of 125 and 20.
5
Calculate the highest common divisor of 70 and 1750.
70
Calculate the greatest common divisor of 25 and 15625.
25
Calculate the highest common factor of 100 and 40.
20
What is the highest common divisor of 12 and 75?
3
Calculate the greatest common factor of 495 and 110.
55
Calculate the greatest common divisor of 195 and 15.
15
Calculate the highest common factor of 1710 and 1520.
190
Calculate the greatest common factor of 792 and 16.
8
Calculate the highest common divisor of 2538 and 36.
18
What is the highest common divisor of 7136 and 32?
32
What is the highest common factor of 51 and 3?
3
What is the highest common factor of 37 and 31339?
37
Calculate the greatest common factor of 289 and 17.
17
What is the highest common factor of 124 and 244?
4
What is the highest common factor of 94 and 1457?
47
What is the greatest common factor of 92 and 230?
46
Calculate the highest common divisor of 114 and 1083.
57
What is the highest common divisor of 895 and 20?
5
What is the highest common divisor of 39 and 36?
3
What is the greatest common factor of 345 and 2139?
69
Calculate the highest common factor of 9 and 6.
3
Calculate the greatest common factor of 596 and 149.
149
Calculate the highest common factor of 527 and 544.
17
Calculate the highest common divisor of 80 and 12080.
80
What is the highest common factor of 40 and 2530?
10
Calculate the highest common divisor of 9320 and 40.
40
Calculate the greatest common divisor of 270 and 36.
18
What is the highest common factor of 2832 and 432?
48
What is the highest common factor of 18 and 876?
6
What is the greatest common divisor of 9063 and 171?
171
What is the greatest common factor of 7093 and 346?
173
What is the highest common factor of 80 and 1840?
80
Calculate the greatest common divisor of 143 and 11.
11
Calculate the highest common factor of 1205 and 5.
5
What is the highest common divisor of 40 and 35?
5
Calculate the highest common factor of 42 and 63.
21
Calculate the highest common divisor of 3245 and 3835.
295
Calculate the greatest common divisor of 86 and 2.
2
Calculate the greatest common divisor of 92 and 4876.
92
Calculate the greatest common factor of 206 and 206.
206
Calculate the greatest common divisor of 147 and 1113.
21
What is the greatest common divisor of 3519 and 3060?
153
Calculate the highest common divisor of 93 and 496.
31
Calculate the highest common divisor of 492 and 36.
12
Calculate the greatest common factor of 9 and 93.
3
Calculate the highest common factor of 808 and 32.
8
Calculate the greatest common divisor of 145 and 261.
29
Calculate the greatest common factor of 22304 and 408.
136
Calculate the greatest common factor of 40 and 1915.
5
Calculate the greatest common factor of 10 and 230.
10
Calculate the greatest common factor of 54 and 4.
2
Calculate the highest common factor of 966 and 759.
69
What is the greatest common divisor of 4653 and 33?
33
Calculate the highest common divisor of 66 and 88.
22
Calculate the greatest common factor of 1200 and 90.
30
Calculate the highest common factor of 224 and 140.
28
What is the highest common divisor of 45784 and 24?
8
What is the highest common factor of 7830 and 20?
10
What is the highest common divisor of 3429 and 675?
27
Calculate the greatest common factor of 297 and 33.
33
What is the highest common divisor of 132 and 44?
44
What is the highest common factor of 3936 and 32?
32
Calculate the highest common divisor of 48 and 224.
16
What is the greatest common divisor of 65 and 585?
65
What is the highest common factor of 8 and 448?
8
Calculate the greatest common divisor of 250 and 1725.
25
Calculate the highest common divisor of 387 and 43.
43
Calculate the greatest common divisor of 21 and 50043.
21
What is the highest common divisor of 36 and 284?
4
Calculate the greatest common divisor of 37 and 592.
37
Calculate the highest common factor of 330 and 270.
30
What is the highest common factor of 860 and 43?
43
Calculate the highest common divisor of 1478 and 1.
1
What is the highest common factor of 1026 and 114?
114
What is the greatest common divisor of 2670 and 60?
30
What is the greatest common divisor of 18 and 14?
2
Calculate the greatest common divisor of 315 and 2286.
9
Calculate the greatest common divisor of 10 and 530.
10
What is the greatest common divisor of 21625 and 519?
173
What is the highest common divisor of 32 and 28?
4
What is the highest common factor of 2080 and 13?
13
What is the greatest common divisor of 9630 and 36?
18
What is the highest common factor of 63 and 343?
7
What is the highest common factor of 37 and 8?
1
What is the highest common factor of 2970 and 132?
66
Calculate the highest common factor of 76 and 171.
19
What is the greatest common divisor of 7602 and 70?
14
What is the greatest common factor of 4810 and 117?
13
What is the highest common factor of 80 and 500?
20
What is the greatest common factor of 3111 and 102?
51
What is the greatest common divisor of 988 and 468?
52
Calculate the greatest common factor of 432 and 528.
48
Calculate the greatest common factor of 1539 and 18.
9
What is the highest common factor of 121 and 297?
11
What is the highest common factor of 5344 and 224?
32
What is the greatest common factor of 1177 and 231?
11
What is the greatest common divisor of 86 and 1333?
43
Calculate the greatest common divisor of 533 and 82.
41
Calculate the highest common factor of 32 and 352.
32
What is the greatest common divisor of 1955 and 850?
85
What is the greatest common divisor of 287 and 41?
41
Calculate the highest common factor of 74 and 592.
74
Calculate the highest common divisor of 3483 and 243.
81
Calculate the greatest common divisor of 4 and 356.
4
Calculate the highest common factor of 1592 and 40.
8
Calculate the greatest common factor of 10 and 145.
5
What is the highest common divisor of 3 and 96?
3
Calculate the highest common factor of 1054 and 34.
34
Calculate the highest common divisor of 112 and 7.
7
Calculate the highest common divisor of 28197 and 117.
117
What is the greatest common factor of 121 and 2343?
11
What is the highest common factor of 490 and 1274?
98
Calculate the greatest common factor of 14385 and 15.
15
Calculate the highest common factor of 150 and 240.
30
What is the highest common divisor of 176 and 5104?
176
What is the greatest common factor of 15 and 645?
15
What is the highest common factor of 11448 and 432?
216
What is the